of 604.
2, 151
List the prime factors of 44620.
2, 5, 23, 97
List the prime factors of 2073.
3, 691
List the prime factors of 970.
2, 5, 97
What are the prime factors of 20343?
3, 6781
What are the prime factors of 127391?
11, 37, 313
What are the prime factors of 576?
2, 3
What are the prime factors of 1335?
3, 5, 89
List the prime factors of 2161.
2161
List the prime factors of 700.
2, 5, 7
What are the prime factors of 22087?
13, 1699
List the prime factors of 6687.
3, 743
What are the prime factors of 2604?
2, 3, 7, 31
List the prime factors of 12143.
12143
List the prime factors of 86468.
2, 21617
List the prime factors of 286.
2, 11, 13
List the prime factors of 1972.
2, 17, 29
What are the prime factors of 8330?
2, 5, 7, 17
What are the prime factors of 53847?
3, 31, 193
What are the prime factors of 5875?
5, 47
List the prime factors of 32392.
2, 4049
What are the prime factors of 270?
2, 3, 5
List the prime factors of 27322.
2, 19, 719
List the prime factors of 69204.
2, 3, 73, 79
List the prime factors of 1081.
23, 47
List the prime factors of 13207.
47, 281
What are the prime factors of 728?
2, 7, 13
What are the prime factors of 609?
3, 7, 29
List the prime factors of 175.
5, 7
What are the prime factors of 459?
3, 17
What are the prime factors of 1705?
5, 11, 31
List the prime factors of 30058.
2, 7, 19, 113
What are the prime factors of 5492?
2, 1373
List the prime factors of 4799.
4799
What are the prime factors of 12331?
11, 19, 59
What are the prime factors of 30322?
2, 15161
What are the prime factors of 135137?
337, 401
What are the prime factors of 46698?
2, 3, 43, 181
List the prime factors of 39282.
2, 3, 6547
What are the prime factors of 48244?
2, 7, 1723
List the prime factors of 9189.
3, 1021
What are the prime factors of 27915?
3, 5, 1861
List the prime factors of 1950.
2, 3, 5, 13
List the prime factors of 64386.
2, 3, 7, 73
What are the prime factors of 28037?
23, 53
List the prime factors of 12082.
2, 7, 863
What are the prime factors of 8949?
3, 19, 157
List the prime factors of 475.
5, 19
List the prime factors of 12010.
2, 5, 1201
List the prime factors of 8278.
2, 4139
What are the prime factors of 1460?
2, 5, 73
List the prime factors of 18318.
2, 3, 43, 71
What are the prime factors of 21283?
21283
What are the prime factors of 17995?
5, 59, 61
List the prime factors of 2588.
2, 647
List the prime factors of 7716.
2, 3, 643
List the prime factors of 63399.
3, 7, 3019
What are the prime factors of 106796?
2, 26699
What are the prime factors of 19933?
31, 643
What are the prime factors of 13388?
2, 3347
What are the prime factors of 7283?
7283
What are the prime factors of 5838?
2, 3, 7, 139
What are the prime factors of 5467?
7, 11, 71
What are the prime factors of 726?
2, 3, 11
What are the prime factors of 2065?
5, 7, 59
What are the prime factors of 2806?
2, 23, 61
What are the prime factors of 1958?
2, 11, 89
List the prime factors of 10936.
2, 1367
List the prime factors of 2089.
2089
What are the prime factors of 3138?
2, 3, 523
List the prime factors of 85.
5, 17
List the prime factors of 57318.
2, 3, 41, 233
List the prime factors of 8266.
2, 4133
What are the prime factors of 2283?
3, 761
List the prime factors of 6282.
2, 3, 349
List the prime factors of 4951.
4951
What are the prime factors of 67139?
67139
List the prime factors of 26784.
2, 3, 31
List the prime factors of 56787.
3, 23, 823
List the prime factors of 120567.
3, 40189
What are the prime factors of 97626?
2, 3, 53, 307
List the prime factors of 9083.
31, 293
List the prime factors of 5227.
5227
List the prime factors of 39580.
2, 5, 1979
What are the prime factors of 2394?
2, 3, 7, 19
List the prime factors of 103331.
191, 541
List the prime factors of 728.
2, 7, 13
List the prime factors of 48536.
2, 6067
What are the prime factors of 34?
2, 17
What are the prime factors of 1555?
5, 311
List the prime factors of 70038.
2, 3, 1297
What are the prime factors of 2507?
23, 109
List the prime factors of 3610.
2, 5, 19
List the prime factors of 11184.
2, 3, 233
What are the prime factors of 9870?
2, 3, 5, 7, 47
List the prime factors of 923.
13, 71
List the prime factors of 77.
7, 11
List the prime factors of 40546.
2, 11, 19, 97
List the prime factors of 52447.
179, 293
List the prime factors of 18665.
5, 3733
What are the prime factors of 3886?
2, 29, 67
List the prime factors of 5625.
3, 5
List the prime factors of 28685.
5, 5737
List the prime factors of 621.
3, 23
List the prime factors of 43169.
7, 881
List the prime factors of 3603.
3, 1201
List the prime factors of 532.
2, 7, 19
What are the prime factors of 16640?
2, 5, 13
List the prime factors of 140.
2, 5, 7
What are the prime factors of 208?
2, 13
What are the prime factors of 89650?
2, 5, 11, 163
What are the prime factors of 1384?
2, 173
List the prime factors of 70807.
11, 41, 157
What are the prime factors of 619?
619
What are the prime factors of 6316?
2, 1579
What are the prime factors of 21563?
21563
List the prime factors of 7378.
2, 7, 17, 31
What are the prime factors of 1934?
2, 967
List the prime factors of 5039.
5039
List the prime factors of 1099.
7, 157
List the prime factors of 343.
7
List the prime factors of 15812.
2, 59, 67
What are the prime factors of 111990?
2, 3, 5, 3733
What are the prime factors of 36917?
19, 29, 67
List the prime factors of 9102.
2, 3, 37, 41
List the prime factors of 9467.
9467
List the prime factors of 3650.
2, 5, 73
What are the prime factors of 12528?
2, 3, 29
List the prime factors of 131148.
2, 3, 3643
List the prime factors of 6012.
2, 3, 167
List the prime factors of 2219.
7, 317
What are the prime factors of 2050?
2, 5, 41
What are the prime factors of 9912?
2, 3, 7, 59
What are the prime factors of 4360?
2, 5, 109
List the prime factors of 3034.
2, 37, 41
What are the prime factors of 111636?
2, 3, 7, 443
What are the prime factors of 1288?
2, 7, 23
List the prime factors of 34340.
2, 5, 17, 101
What are the prime factors of 509?
509
What are the prime factors of 19587?
3, 6529
List the prime factors of 1084.
2, 271
What are the prime factors of 1385?
5, 277
What are the prime factors of 2557?
2557
List the prime factors of 1193.
1193
List the prime factors of 12269.
12269
List the prime factors of 17961.
3, 5987
List the prime factors of 53131.
13, 61, 67
List the prime factors of 3102.
2, 3, 11, 47
List the prime factors of 885.
3, 5, 59
What are the prime factors of 3934?
2, 7, 281
List the prime factors of 5679.
3, 631
What are the prime factors of 4621?
4621
What are the prime factors of 141551?
141551
What are the prime factors of 180283?
139, 1297
List the prime factors of 123794.
2, 11, 17, 331
List the prime factors of 12405.
3, 5, 827
List the prime factors of 39152.
2, 2447
What are the prime factors of 133261?
133261
What are the prime factors of 57408?
2, 3, 13, 23
What are the prime factors of 2141?
2141
What are the prime factors of 25787?
107, 241
What are the prime factors of 7338?
2, 3, 1223
What are the prime factors of 3788?
2, 947
What are the prime factors of 17752?
2, 7, 317
List the prime factors of 1710.
2, 3, 5, 19
What are the prime factors of 18820?
2, 5, 941
What are the prime factors of 799?
17, 47
List the prime factors of 21996.
2, 3, 13, 47
What are the prime factors of 46400?
2, 5, 29
What are the prime factors of 367?
367
List the prime factors of 622.
2, 311
What are the prime factors of 56050?
2, 5, 19, 59
What are the prime factors of 497?
7, 71
List the prime factors of 11644.
2, 41, 71
What are the prime factors of 50547?
3, 7, 29, 83
List the prime factors of 1117.
1117
What are the prime factors of 1472?
2, 23
List the prime factors of 33865.
5, 13, 521
What are the prime factors of 124466?
2, 62233
What are the prime factors of 767?
13, 59
List the prime factors of 3122.
2, 7, 223
What are the prime factors of 38051?
13, 2927
What are the prime factors of 1097?
1097
List the prime factors of 393.
3, 131
What are the prime factors of 72760?
2, 5, 17, 107
What are the prime factors of 23674?
2, 7, 19, 89
List the prime factors of 1495.
5, 13, 23
What are the prime factors of 2770?
2, 5, 277
What are the prime factors of 77147?
7, 103, 107
List the prime factors of 29021.
29021
Li